{"id":2468,"date":"2022-05-23T22:48:39","date_gmt":"2022-05-23T22:48:39","guid":{"rendered":"https:\/\/demo.bravisthemes.com\/decision\/?page_id=2468"},"modified":"2026-05-18T12:28:40","modified_gmt":"2026-05-18T09:28:40","slug":"kurumsal","status":"publish","type":"page","link":"https:\/\/www.sdemir.av.tr\/en\/kurumsal\/","title":{"rendered":"Kurumsal"},"content":{"rendered":"<div data-elementor-type=\"wp-page\" data-elementor-id=\"2468\" class=\"elementor elementor-2468\">\n\t\t\t\t        <section class=\"elementor-section elementor-top-section elementor-element elementor-element-b349976 elementor-section-stretched elementor-section-boxed elementor-section-height-default elementor-section-height-default ct-header-fixed-none ct-column-none ct-row-scroll-none\" data-id=\"b349976\" data-element_type=\"section\" data-e-type=\"section\" data-settings=\"{&quot;stretch_section&quot;:&quot;section-stretched&quot;}\">\n            \n                        <div class=\"elementor-container elementor-column-gap-extended\">\n                    <div class=\"elementor-column elementor-col-50 elementor-top-column elementor-element elementor-element-e97b31e ct-column-none col-offset-none\" data-id=\"e97b31e\" data-element_type=\"column\" data-e-type=\"column\">\n        <div class=\"elementor-widget-wrap elementor-element-populated\">\n                    \n        \t\t<div class=\"elementor-element elementor-element-be7f99c elementor-widget elementor-widget-ct_heading\" data-id=\"be7f99c\" data-element_type=\"widget\" data-e-type=\"widget\" data-widget_type=\"ct_heading.default\">\n\t\t\t\t<div class=\"elementor-widget-container\">\n\t\t\t\t\t<div class=\"ct-heading h-align- item-style1\">\r\n\t    <h3 class=\"item--title case-animate-time style1\" data-wow-delay=\"ms\">\r\n        <span>Profesyonel Hukuki Destek, Kal\u0131c\u0131 \u00c7\u00f6z\u00fcmler<\/span>    <\/h3>\r\n<\/div>\r\n\r\n\t\t\t\t<\/div>\n\t\t\t\t<\/div>\n\t\t\t\t<div class=\"elementor-element elementor-element-28fc184 elementor-widget elementor-widget-ct_text_editor\" data-id=\"28fc184\" data-element_type=\"widget\" data-e-type=\"widget\" data-widget_type=\"ct_text_editor.default\">\n\t\t\t\t<div class=\"elementor-widget-container\">\n\t\t\t\t\t<div id=\"ct_text_editor-28fc184\" class=\"ct-text-editor style1\" data-wow-delay=\"ms\">\n\t<div class=\"ct-inline-css\"  data-css=\"\t\t\">\n\n\t<\/div>\n\t<div class=\"ct-text-editor elementor-clearfix\">\n\t\t<p data-start=\"258\" data-end=\"574\"><span style=\"color: #003366\"><strong data-start=\"73\" data-end=\"352\">Av. Arb. Serap Demir taraf\u0131ndan kurulan Ponte Bridge Hukuki Dan\u0131\u015fmanl\u0131k, Arabuluculuk ve Tahkim Merkezi; hukuki uyu\u015fmazl\u0131klar\u0131n h\u0131zl\u0131, etkin ve g\u00fcvenilir \u015fekilde \u00e7\u00f6z\u00fcm\u00fcn\u00fc hedefleyen, alan\u0131nda uzman kadrosu ve 30 y\u0131l\u0131 a\u015fk\u0131n deneyimiyle profesyonel hizmet sunan bir kurulu\u015ftur.<\/strong><\/span><\/p>\t\t\n\t<\/div>\n<\/div>\t\t\t\t<\/div>\n\t\t\t\t<\/div>\n\t\t\t\t<div class=\"elementor-element elementor-element-52b725f elementor-widget elementor-widget-ct_text_editor\" data-id=\"52b725f\" data-element_type=\"widget\" data-e-type=\"widget\" data-widget_type=\"ct_text_editor.default\">\n\t\t\t\t<div class=\"elementor-widget-container\">\n\t\t\t\t\t<div id=\"ct_text_editor-52b725f\" class=\"ct-text-editor style1\" data-wow-delay=\"ms\">\n\t<div class=\"ct-inline-css\"  data-css=\"\t\t\">\n\n\t<\/div>\n\t<div class=\"ct-text-editor elementor-clearfix\">\n\t\t<p data-start=\"354\" data-end=\"770\">Yurt i\u00e7i ve yurt d\u0131\u015f\u0131nda farkl\u0131 \u00fclke ve \u015fehirlerde konumlanan \u00e7\u00f6z\u00fcm ortaklar\u0131m\u0131zla g\u00fc\u00e7l\u00fc bir i\u015f a\u011f\u0131na sahip olan merkezimiz; ba\u015fta i\u015f\u00e7i-i\u015fveren uyu\u015fmazl\u0131klar\u0131, kira ve gayrimenkul anla\u015fmazl\u0131klar\u0131, ticari ihtilaflar ve s\u00f6zle\u015fmeden do\u011fan uyu\u015fmazl\u0131klar olmak \u00fczere geni\u015f bir yelpazede arabuluculuk ve tahkim hizmeti sunmaktad\u0131r. Taraflar aras\u0131nda uzla\u015fmay\u0131 \u00f6n planda tutarak zaman ve maliyet avantaj\u0131 sa\u011flamay\u0131 ama\u00e7lar.<\/p><p data-start=\"772\" data-end=\"955\">Tarafs\u0131zl\u0131k, gizlilik ve g\u00fcven ilkeleri do\u011frultusunda faaliyet g\u00f6steren merkezimiz, her dosyay\u0131 titizlikle ele alarak adil, kal\u0131c\u0131 ve s\u00fcrd\u00fcr\u00fclebilir \u00e7\u00f6z\u00fcmler \u00fcretmeyi ilke edinmi\u015ftir.<\/p>\t\t\n\t<\/div>\n<\/div>\t\t\t\t<\/div>\n\t\t\t\t<\/div>\n\t\t            <\/div>\n        <\/div>\n                <div class=\"elementor-column elementor-col-50 elementor-top-column elementor-element elementor-element-b12e617 ct-column-none col-offset-none\" data-id=\"b12e617\" data-element_type=\"column\" data-e-type=\"column\">\n        <div class=\"elementor-widget-wrap elementor-element-populated\">\n                    \n        \t\t<div class=\"elementor-element elementor-element-f89b2d7 elementor-widget elementor-widget-ct_banner\" data-id=\"f89b2d7\" data-element_type=\"widget\" data-e-type=\"widget\" data-widget_type=\"ct_banner.default\">\n\t\t\t\t<div class=\"elementor-widget-container\">\n\t\t\t\t\t<div class=\"ct-banner1\" data-wow-delay=\"ms\">\r\n    <div class=\"ct-banner-inner\">\r\n                    <div class=\"ct-banner-image\">\r\n                <img fetchpriority=\"high\" decoding=\"async\" width=\"1024\" height=\"1350\" src=\"https:\/\/www.sdemir.av.tr\/wp-content\/uploads\/2026\/04\/WhatsApp-Image-2026-04-29-at-21.43.27-e1777488298798.jpeg\" class=\"attachment-full\" alt=\"\" \/>            <\/div>\r\n            <\/div>\r\n<\/div>\t\t\t\t<\/div>\n\t\t\t\t<\/div>\n\t\t            <\/div>\n        <\/div>\n                    <\/div>\n        <\/section>\n        \t\t<\/div>","protected":false},"excerpt":{"rendered":"<p>Profesyonel Hukuki Destek, Kal\u0131c\u0131 \u00c7\u00f6z\u00fcmler Av. Arb. Serap Demir taraf\u0131ndan kurulan Ponte Bridge Hukuki Dan\u0131\u015fmanl\u0131k, Arabuluculuk ve Tahkim Merkezi; hukuki uyu\u015fmazl\u0131klar\u0131n h\u0131zl\u0131, etkin ve g\u00fcvenilir \u015fekilde \u00e7\u00f6z\u00fcm\u00fcn\u00fc hedefleyen, alan\u0131nda uzman kadrosu ve 30 y\u0131l\u0131 a\u015fk\u0131n deneyimiyle profesyonel hizmet sunan bir kurulu\u015ftur. Yurt i\u00e7i ve yurt d\u0131\u015f\u0131nda farkl\u0131 \u00fclke ve \u015fehirlerde konumlanan \u00e7\u00f6z\u00fcm ortaklar\u0131m\u0131zla g\u00fc\u00e7l\u00fc bir [&hellip;]<\/p>\n","protected":false},"author":1,"featured_media":0,"parent":0,"menu_order":0,"comment_status":"closed","ping_status":"closed","template":"","meta":{"footnotes":""},"class_list":["post-2468","page","type-page","status-publish","hentry"],"_links":{"self":[{"href":"https:\/\/www.sdemir.av.tr\/en\/wp-json\/wp\/v2\/pages\/2468","targetHints":{"allow":["GET"]}}],"collection":[{"href":"https:\/\/www.sdemir.av.tr\/en\/wp-json\/wp\/v2\/pages"}],"about":[{"href":"https:\/\/www.sdemir.av.tr\/en\/wp-json\/wp\/v2\/types\/page"}],"author":[{"embeddable":true,"href":"https:\/\/www.sdemir.av.tr\/en\/wp-json\/wp\/v2\/users\/1"}],"replies":[{"embeddable":true,"href":"https:\/\/www.sdemir.av.tr\/en\/wp-json\/wp\/v2\/comments?post=2468"}],"version-history":[{"count":23,"href":"https:\/\/www.sdemir.av.tr\/en\/wp-json\/wp\/v2\/pages\/2468\/revisions"}],"predecessor-version":[{"id":7341,"href":"https:\/\/www.sdemir.av.tr\/en\/wp-json\/wp\/v2\/pages\/2468\/revisions\/7341"}],"wp:attachment":[{"href":"https:\/\/www.sdemir.av.tr\/en\/wp-json\/wp\/v2\/media?parent=2468"}],"curies":[{"name":"wp","href":"https:\/\/api.w.org\/{rel}","templated":true}]}}

<div data-elementor-type="wp-page" data-elementor-id="2468" class="elementor elementor-2468">
				        <section class="elementor-section elementor-top-section elementor-element elementor-element-b349976 elementor-section-stretched elementor-section-boxed elementor-section-height-default elementor-section-height-default ct-header-fixed-none ct-column-none ct-row-scroll-none" data-id="b349976" data-element_type="section" data-e-type="section" data-settings="{&quot;stretch_section&quot;:&quot;section-stretched&quot;}">
            
                        <div class="elementor-container elementor-column-gap-extended">
                    <div class="elementor-column elementor-col-50 elementor-top-column elementor-element elementor-element-e97b31e ct-column-none col-offset-none" data-id="e97b31e" data-element_type="column" data-e-type="column">
        <div class="elementor-widget-wrap elementor-element-populated">
                    
        		<div class="elementor-element elementor-element-be7f99c elementor-widget elementor-widget-ct_heading" data-id="be7f99c" data-element_type="widget" data-e-type="widget" data-widget_type="ct_heading.default">
				<div class="elementor-widget-container">
					<div class="ct-heading h-align- item-style1">
	    <h3 class="item--title case-animate-time style1" data-wow-delay="ms">
        <span>Profesyonel Hukuki Destek, Kalıcı Çözümler</span>    </h3>
</div>

				</div>
				</div>
				<div class="elementor-element elementor-element-28fc184 elementor-widget elementor-widget-ct_text_editor" data-id="28fc184" data-element_type="widget" data-e-type="widget" data-widget_type="ct_text_editor.default">
				<div class="elementor-widget-container">
					<div id="ct_text_editor-28fc184" class="ct-text-editor style1" data-wow-delay="ms">
	<div class="ct-inline-css"  data-css="		">

	</div>
	<div class="ct-text-editor elementor-clearfix">
		<p data-start="258" data-end="574"><span style="color: #003366"><strong data-start="73" data-end="352">Av. Arb. Serap Demir tarafından kurulan Ponte Bridge Hukuki Danışmanlık, Arabuluculuk ve Tahkim Merkezi; hukuki uyuşmazlıkların hızlı, etkin ve güvenilir şekilde çözümünü hedefleyen, alanında uzman kadrosu ve 30 yılı aşkın deneyimiyle profesyonel hizmet sunan bir kuruluştur.</strong></span></p>		
	</div>
</div>				</div>
				</div>
				<div class="elementor-element elementor-element-52b725f elementor-widget elementor-widget-ct_text_editor" data-id="52b725f" data-element_type="widget" data-e-type="widget" data-widget_type="ct_text_editor.default">
				<div class="elementor-widget-container">
					<div id="ct_text_editor-52b725f" class="ct-text-editor style1" data-wow-delay="ms">
	<div class="ct-inline-css"  data-css="		">

	</div>
	<div class="ct-text-editor elementor-clearfix">
		<p data-start="354" data-end="770">Yurt içi ve yurt dışında farklı ülke ve şehirlerde konumlanan çözüm ortaklarımızla güçlü bir iş ağına sahip olan merkezimiz; başta işçi-işveren uyuşmazlıkları, kira ve gayrimenkul anlaşmazlıkları, ticari ihtilaflar ve sözleşmeden doğan uyuşmazlıklar olmak üzere geniş bir yelpazede arabuluculuk ve tahkim hizmeti sunmaktadır. Taraflar arasında uzlaşmayı ön planda tutarak zaman ve maliyet avantajı sağlamayı amaçlar.</p><p data-start="772" data-end="955">Tarafsızlık, gizlilik ve güven ilkeleri doğrultusunda faaliyet gösteren merkezimiz, her dosyayı titizlikle ele alarak adil, kalıcı ve sürdürülebilir çözümler üretmeyi ilke edinmiştir.</p>		
	</div>
</div>				</div>
				</div>
		            </div>
        </div>
                <div class="elementor-column elementor-col-50 elementor-top-column elementor-element elementor-element-b12e617 ct-column-none col-offset-none" data-id="b12e617" data-element_type="column" data-e-type="column">
        <div class="elementor-widget-wrap elementor-element-populated">
                    
        		<div class="elementor-element elementor-element-f89b2d7 elementor-widget elementor-widget-ct_banner" data-id="f89b2d7" data-element_type="widget" data-e-type="widget" data-widget_type="ct_banner.default">
				<div class="elementor-widget-container">
					<div class="ct-banner1" data-wow-delay="ms">
    <div class="ct-banner-inner">
                    <div class="ct-banner-image">
                <img fetchpriority="high" decoding="async" width="1024" height="1350" src="https://www.sdemir.av.tr/wp-content/uploads/2026/04/WhatsApp-Image-2026-04-29-at-21.43.27-e1777488298798.jpeg" class="attachment-full" alt="" />            </div>
            </div>
</div>				</div>
				</div>
		            </div>
        </div>
                    </div>
        </section>
        		</div>

<p>Profesyonel Hukuki Destek, Kalıcı Çözümler Av. Arb. Serap Demir tarafından kurulan Ponte Bridge Hukuki Danışmanlık, Arabuluculuk ve Tahkim Merkezi; hukuki uyuşmazlıkların hızlı, etkin ve güvenilir şekilde çözümünü hedefleyen, alanında uzman kadrosu ve 30 yılı aşkın deneyimiyle profesyonel hizmet sunan bir kuruluştur. Yurt içi ve yurt dışında farklı ülke ve şehirlerde konumlanan çözüm ortaklarımızla güçlü bir [&hellip;]</p>
